{"id":16,"date":"2021-09-13T13:18:03","date_gmt":"2021-09-13T11:18:03","guid":{"rendered":"http:\/\/pupitre.tech\/?page_id=16"},"modified":"2023-03-14T15:21:31","modified_gmt":"2023-03-14T14:21:31","slug":"presentation","status":"publish","type":"page","link":"https:\/\/pupitre.tech\/?page_id=16","title":{"rendered":"PRESENTATION"},"content":{"rendered":"\n<p>PUP.IT.RE est sp\u00e9cialis\u00e9e dans l&#8217;int\u00e9gration de logiciels m\u00e9tiers, le conseil et la Transformation num\u00e9rique des PME. <\/p>\n\n\n\n<p>Nous travaillons \u00e0 l&#8217;am\u00e9lioration des logiciels m\u00e9tiers, du r\u00e9seau informatique et applicatif de l&#8217;entreprise, des processus et de la performance op\u00e9rationnelle au service du client.<\/p>\n\n\n\n<p><strong>EXPERTISES TRANSVERSALES:<\/strong><\/p>\n\n\n\n<p>R\u00e9seau, Architecture SI.<\/p>\n\n\n\n<p>S\u00e9curit\u00e9<\/p>\n\n\n\n<p>Management des \u00e9quipes<\/p>\n\n\n\n<p>Process<\/p>\n\n\n\n<p>Data: BDD SQL, requ\u00eates, Reportings, digitalisation des processus<\/p>\n\n\n\n<p>Supply Chain \/ WMS<\/p>\n\n\n\n<p><\/p>\n\n\n\n<p><\/p>\n\n\n\n<figure class=\"is-layout-flex wp-block-gallery-1 wp-block-gallery has-nested-images columns-default is-cropped\">\n<figure class=\"wp-block-image\"><img decoding=\"async\" loading=\"lazy\" width=\"1024\" height=\"314\" data-id=\"31\"  src=\"http:\/\/pupitre.tech\/wp-content\/uploads\/2021\/09\/PRESENTATION-VF-1-1024x314.jpg\" alt=\"\" class=\"wp-image-31\" srcset=\"https:\/\/pupitre.tech\/wp-content\/uploads\/2021\/09\/PRESENTATION-VF-1-1024x314.jpg 1024w, https:\/\/pupitre.tech\/wp-content\/uploads\/2021\/09\/PRESENTATION-VF-1-300x92.jpg 300w, https:\/\/pupitre.tech\/wp-content\/uploads\/2021\/09\/PRESENTATION-VF-1-768x236.jpg 768w, https:\/\/pupitre.tech\/wp-content\/uploads\/2021\/09\/PRESENTATION-VF-1-1568x481.jpg 1568w, https:\/\/pupitre.tech\/wp-content\/uploads\/2021\/09\/PRESENTATION-VF-1.jpg 1599w\" sizes=\"(max-width: 1024px) 100vw, 1024px\" \/><\/figure>\n<\/figure>\n\n\n\n<figure class=\"is-layout-flex wp-block-gallery-3 wp-block-gallery has-nested-images columns-default is-cropped\">\n<figure class=\"wp-block-image\"><img decoding=\"async\" loading=\"lazy\" width=\"287\" height=\"138\" data-id=\"29\"  src=\"http:\/\/pupitre.tech\/wp-content\/uploads\/2021\/09\/vindilis-exemple.png\" alt=\"\" class=\"wp-image-29\"\/><\/figure>\n\n\n\n<figure class=\"wp-block-image\"><img decoding=\"async\" loading=\"lazy\" width=\"121\" height=\"83\" data-id=\"30\"  src=\"http:\/\/pupitre.tech\/wp-content\/uploads\/2021\/09\/VINDILIS-1.png\" alt=\"\" class=\"wp-image-30\"\/><\/figure>\n\n\n\n<figure class=\"wp-block-image\"><img decoding=\"async\" loading=\"lazy\" width=\"287\" height=\"138\" data-id=\"32\"  src=\"http:\/\/pupitre.tech\/wp-content\/uploads\/2021\/09\/vindilid-exemple-2.png\" alt=\"\" class=\"wp-image-32\"\/><\/figure>\n<\/figure>\n\n\n\n<figure class=\"is-layout-flex wp-block-gallery-5 wp-block-gallery has-nested-images columns-default is-cropped\">\n<figure class=\"wp-block-image\"><img decoding=\"async\" loading=\"lazy\" width=\"350\" height=\"225\" data-id=\"21\"  src=\"http:\/\/pupitre.tech\/wp-content\/uploads\/2021\/09\/BB-AIRBOX.jpg\" alt=\"\" class=\"wp-image-21\" srcset=\"https:\/\/pupitre.tech\/wp-content\/uploads\/2021\/09\/BB-AIRBOX.jpg 350w, https:\/\/pupitre.tech\/wp-content\/uploads\/2021\/09\/BB-AIRBOX-300x193.jpg 300w\" sizes=\"(max-width: 350px) 100vw, 350px\" \/><\/figure>\n\n\n\n<figure class=\"wp-block-image\"><img decoding=\"async\" loading=\"lazy\" width=\"350\" height=\"225\" data-id=\"22\"  src=\"http:\/\/pupitre.tech\/wp-content\/uploads\/2021\/09\/BB-CAMION.jpg\" alt=\"\" class=\"wp-image-22\" srcset=\"https:\/\/pupitre.tech\/wp-content\/uploads\/2021\/09\/BB-CAMION.jpg 350w, https:\/\/pupitre.tech\/wp-content\/uploads\/2021\/09\/BB-CAMION-300x193.jpg 300w\" sizes=\"(max-width: 350px) 100vw, 350px\" \/><\/figure>\n\n\n\n<figure class=\"wp-block-image\"><img decoding=\"async\" loading=\"lazy\" width=\"350\" height=\"225\" data-id=\"23\"  src=\"http:\/\/pupitre.tech\/wp-content\/uploads\/2021\/09\/BB-DD.jpg\" alt=\"\" class=\"wp-image-23\" srcset=\"https:\/\/pupitre.tech\/wp-content\/uploads\/2021\/09\/BB-DD.jpg 350w, https:\/\/pupitre.tech\/wp-content\/uploads\/2021\/09\/BB-DD-300x193.jpg 300w\" sizes=\"(max-width: 350px) 100vw, 350px\" \/><\/figure>\n\n\n\n<figure class=\"wp-block-image\"><img decoding=\"async\" loading=\"lazy\" width=\"350\" height=\"225\" data-id=\"24\"  src=\"http:\/\/pupitre.tech\/wp-content\/uploads\/2021\/09\/BB-FER-ET-METAUX.jpg\" alt=\"\" class=\"wp-image-24\" srcset=\"https:\/\/pupitre.tech\/wp-content\/uploads\/2021\/09\/BB-FER-ET-METAUX.jpg 350w, https:\/\/pupitre.tech\/wp-content\/uploads\/2021\/09\/BB-FER-ET-METAUX-300x193.jpg 300w\" sizes=\"(max-width: 350px) 100vw, 350px\" \/><\/figure>\n\n\n\n<figure class=\"wp-block-image\"><img decoding=\"async\" loading=\"lazy\" width=\"355\" height=\"225\" data-id=\"25\"  src=\"http:\/\/pupitre.tech\/wp-content\/uploads\/2021\/09\/BB-PLATEFORME.jpg\" alt=\"\" class=\"wp-image-25\" srcset=\"https:\/\/pupitre.tech\/wp-content\/uploads\/2021\/09\/BB-PLATEFORME.jpg 355w, https:\/\/pupitre.tech\/wp-content\/uploads\/2021\/09\/BB-PLATEFORME-300x190.jpg 300w\" sizes=\"(max-width: 355px) 100vw, 355px\" \/><\/figure>\n\n\n\n<figure class=\"wp-block-image\"><img decoding=\"async\" loading=\"lazy\" width=\"350\" height=\"225\" data-id=\"26\"  src=\"http:\/\/pupitre.tech\/wp-content\/uploads\/2021\/09\/BB-VHU.jpg\" alt=\"\" class=\"wp-image-26\" srcset=\"https:\/\/pupitre.tech\/wp-content\/uploads\/2021\/09\/BB-VHU.jpg 350w, https:\/\/pupitre.tech\/wp-content\/uploads\/2021\/09\/BB-VHU-300x193.jpg 300w\" sizes=\"(max-width: 350px) 100vw, 350px\" \/><\/figure>\n<\/figure>\n","protected":false},"excerpt":{"rendered":"<p>PUP.IT.RE est sp\u00e9cialis\u00e9e dans l&#8217;int\u00e9gration de logiciels m\u00e9tiers, le conseil et la Transformation num\u00e9rique des PME. Nous travaillons \u00e0 l&#8217;am\u00e9lioration des logiciels m\u00e9tiers, du r\u00e9seau [&hellip;]<\/p>\n","protected":false},"author":1,"featured_media":0,"parent":0,"menu_order":0,"comment_status":"closed","ping_status":"closed","template":"","meta":[],"_links":{"self":[{"href":"https:\/\/pupitre.tech\/index.php?rest_route=\/wp\/v2\/pages\/16"}],"collection":[{"href":"https:\/\/pupitre.tech\/index.php?rest_route=\/wp\/v2\/pages"}],"about":[{"href":"https:\/\/pupitre.tech\/index.php?rest_route=\/wp\/v2\/types\/page"}],"author":[{"embeddable":true,"href":"https:\/\/pupitre.tech\/index.php?rest_route=\/wp\/v2\/users\/1"}],"replies":[{"embeddable":true,"href":"https:\/\/pupitre.tech\/index.php?rest_route=%2Fwp%2Fv2%2Fcomments&post=16"}],"version-history":[{"count":8,"href":"https:\/\/pupitre.tech\/index.php?rest_route=\/wp\/v2\/pages\/16\/revisions"}],"predecessor-version":[{"id":113,"href":"https:\/\/pupitre.tech\/index.php?rest_route=\/wp\/v2\/pages\/16\/revisions\/113"}],"wp:attachment":[{"href":"https:\/\/pupitre.tech\/index.php?rest_route=%2Fwp%2Fv2%2Fmedia&parent=16"}],"curies":[{"name":"wp","href":"https:\/\/api.w.org\/{rel}","templated":true}]}}